of 3092352?
3
What is the thousands digit of 220007?
0
What is the ten thousands digit of 1720976?
2
What is the thousands digit of 10838216?
8
What is the units digit of 202833?
3
What is the tens digit of 2341190?
9
What is the units digit of 2613270?
0
What is the units digit of 931981?
1
What is the ten thousands digit of 430696?
3
What is the thousands digit of 40122?
0
What is the hundreds digit of 10417274?
2
What is the units digit of 1535030?
0
What is the ten thousands digit of 617999?
1
What is the ten thousands digit of 13698078?
9
What is the ten thousands digit of 3686244?
8
What is the hundreds digit of 10266158?
1
What is the hundred thousands digit of 129983?
1
What is the hundred thousands digit of 16134225?
1
What is the ten millions digit of 15256284?
1
What is the ten millions digit of 13453298?
1
What is the hundred thousands digit of 1398043?
3
What is the ten millions digit of 16093525?
1
What is the ten thousands digit of 440596?
4
What is the hundred thousands digit of 378873?
3
What is the units digit of 549103?
3
What is the millions digit of 6435507?
6
What is the millions digit of 6654896?
6
What is the millions digit of 7480725?
7
What is the hundreds digit of 210502?
5
What is the millions digit of 7372905?
7
What is the ten thousands digit of 135061?
3
What is the tens digit of 1621243?
4
What is the thousands digit of 381983?
1
What is the millions digit of 2851838?
2
What is the units digit of 82066?
6
What is the millions digit of 1326152?
1
What is the units digit of 4957249?
9
What is the thousands digit of 571076?
1
What is the hundred thousands digit of 1530969?
5
What is the thousands digit of 767914?
7
What is the ten millions digit of 12280912?
1
What is the hundreds digit of 357673?
6
What is the hundreds digit of 1009656?
6
What is the millions digit of 1959244?
1
What is the ten thousands digit of 164702?
6
What is the hundreds digit of 541200?
2
What is the ten thousands digit of 2900235?
0
What is the tens digit of 387681?
8
What is the thousands digit of 715439?
5
What is the hundreds digit of 326207?
2
What is the thousands digit of 7604091?
4
What is the hundreds digit of 73770?
7
What is the thousands digit of 1150245?
0
What is the hundred thousands digit of 333033?
3
What is the ten millions digit of 17373006?
1
What is the ten thousands digit of 429143?
2
What is the tens digit of 2119696?
9
What is the thousands digit of 1413915?
3
What is the thousands digit of 3014?
3
What is the hundred thousands digit of 543152?
5
What is the tens digit of 355386?
8
What is the tens digit of 21661676?
7
What is the units digit of 9825898?
8
What is the hundred thousands digit of 164875?
1
What is the hundreds digit of 367771?
7
What is the ten thousands digit of 301528?
0
What is the tens digit of 1079952?
5
What is the thousands digit of 432963?
2
What is the ten thousands digit of 548878?
4
What is the tens digit of 61786?
8
What is the ten thousands digit of 1660877?
6
What is the ten thousands digit of 3396578?
9
What is the thousands digit of 3207960?
7
What is the ten thousands digit of 1121029?
2
What is the hundred thousands digit of 124688?
1
What is the tens digit of 80118?
1
What is the hundreds digit of 207719?
7
What is the ten thousands digit of 1667204?
6
What is the hundred thousands digit of 7101613?
1
What is the thousands digit of 95703?
5
What is the ten thousands digit of 42392?
4
What is the hundreds digit of 697704?
7
What is the tens digit of 8934655?
5
What is the tens digit of 956121?
2
What is the hundreds digit of 1055?
0
What is the units digit of 228241?
1
What is the hundred thousands digit of 1100237?
1
What is the units digit of 38795515?
5
What is the hundred thousands digit of 13417899?
4
What is the ten thousands digit of 1389972?
8
What is the tens digit of 6622785?
8
What is the tens digit of 233473?
7
What is the millions digit of 8325960?
8
What is the millions digit of 2400744?
2
What is the units digit of 226339?
9
What is the millions digit of 9884035?
9
What is the hundreds digit of 197978?
9
What is the units digit of 459409?
9
What is the hundreds digit of 5249128?
1
What is the hundred thousands digit of 40904710?
9
What is the units digit of 337530?
0
What is the thousands digit of 6328699?
8
What is the hundreds digit of 19131413?
4
What is the hundreds digit of 4975996?
9
What is the units digit of 770698?
8
What is the hundreds digit of 157704?
7
What is the tens digit of 155020?
2
What is the ten thousands digit of 159168?
5
What is the hundreds digit of 11693044?
0
What is the hundreds digit of 525761?
7
What is the tens digit of 322109?
0
What is the hundred thousands digit of 961587?
9
What is the tens digit of 221970?
7
What is the tens digit of 2582674?
7
What is the thousands digit of 242969?
2
What is the tens digit of 23602865?
6
What is the tens digit of 4748358?
5
What is the ten millions digit of 28258429?
2
What is the hundred thousands digit of 643234?
6
What is the units digit of 1095577?
7
What is the ten millions digit of 17937818?
1
What is the ten thousands digit of 20964595?
6
What is the tens digit of 901133?
3
What is the ten thousands digit of 2441320?
4
What is the tens digit of 3346076?
7
What is the ten thousands digit of 1109557?
0
What is the ten millions digit of 10764754?
1
What is the ten thousands digit of 1521146?
2
What is the units digit of 576330?
0
What is the ten thousands digit of 51657?
5
What is the thousands digit of 414888?
4
What is the hundreds digit of 2539153?
1
What is the thousands digit of 220413?
0
What is the tens digit of 730329?
2
What is the thousands digit of 54698?
4
What is the ten thousands digit of 82621?
8
What is the thousands digit of 824882?
4
What is the tens digit of 357545?
4
What is the tens digit of 3382000?
0
What is the units digit of 393072?
2
What is the tens digit of 16219668?
6
What is the hundreds digit of 125518?
5
What is the ten thousands digit of 2750547?
5
What is the ten thousands digit of 738508?
3
What is the units digit of 135424?
4
What is the ten thousands digit of 4928687?
2
What is the ten thousands digit of 85383?
8
What is the ten thousands digit of 550104?
5
What is the tens digit of 457375?
7
What is the units digit of 10599248?
8
What is the ten millions digit of 13505575?
1
What is the units digit of 234662?
2
What is the hundreds digit of 721463?
4
What is the ten thousands digit of 41767?
4
What is the hundred thousands digit of 306157?
3
What is the hundreds digit of 554784?
7
What is the thousands digit of 399861?
9
What is the thousands digit of 30915815?
5
What is the tens digit of 26625?
2
What is the hundred thousands digit of 2225383?
2
What is the hundreds digit of 228031?
0
What is the thousands digit of 3329551?
9
What is the thousands digit of 192892?
2
What is the hundreds digit of 116398?
3
What is the hundred thousands digit of 110660?
1
What is the thousands digit of 219918?
9
What is the ten thousands digit of 88112?
8
What is the hundred thousands digit of 9482986?
4
What is the tens digit of 1408818?
1
What is the millions digit of 1311884?
1
What is the ten thousands digit of 1001639?
0
What is the thousands digit of 19928217?
8
What is the thousands digit of 61878?
1
What is the hundreds digit of 60138?
1
What is the millions digit of 2737473?
2
What is the units digit of 2394725?
5
What is the tens digit of 2636393?
9
What is the millions digit of 13089791?
3
What is the thousands digit of 1039986?
9
What is the millions digit of 16313776?
6
What is the hundred thousands digit of 291113?
2
What is the tens digit of 12869910?
1
What is the units digit of 129828?
8
What is the ten thousands digit of 97352?
9
What is the units digit of 137265?
5
What is the thousands digit of 90570?
0
What is the hundreds digit of 495239?
2
What is the hundred thousands digit of 346772?
3
What is the units digit of 1104477?
7
What is the hundred thousands digit of 571561?
5
What is the thousands digit of 1369419?
9
What is the millions digit of 3614702?
3
What is the hundreds digit of 1719275?
2
What is the hundred thousands digit of 5623413?
6
What is the thousands digit of 136757?
6
What is the hundred thousands digit of 1026637?
0
What is the hund